se 16) in base 3?
-101211222220200
Convert -11202220000 (base 3) to base 10.
-93960
-11100111110001100101 (base 2) to base 15
-13b44e
What is 2136353 (base 12) in base 5?
3102400441
What is 44183 (base 9) in base 5?
1414231
5dbc8 (base 15) to base 7
2355440
Convert 3033222230 (base 4) to base 3.
1121012210212
What is -510845 (base 14) in base 4?
-22122103031
-2213554 (base 12) to base 8
-30620120
What is 1215435 (base 6) in base 9?
107735
-c10cc (base 13) to base 2
-1010100010000001001
What is -2156165 (base 8) in base 15?
-b7100
Convert 4a88617 (base 11) to base 10.
8825274
-2de3db (base 15) to base 4
-20133031232
What is -2086a68 (base 12) in base 11?
-3520437
What is 630a57 (base 11) in base 10?
1011501
What is 10101100010000110110101 (base 2) in base 7?
65656632
-1201111034 (base 5) to base 14
-51986a
Convert 33241355 (base 6) to base 2.
11110100010110100111
What is 2218636 (base 14) in base 3?
1010110212011102
Convert 335512504 (base 6) to base 10.
6152728
-7774d (base 16) to base 10
-489293
-10111100010000111111 (base 2) to base 14
-161051
What is 6906 (base 15) in base 4?
11130021
What is 132065654 (base 7) in base 6?
501524302
111010011110000010 (base 2) to base 15
4ae60
What is -2103120 (base 8) in base 2?
-10001000011001010000
Convert -24173 (base 9) to base 4.
-3330321
Convert 19d4 (base 14) to base 8.
11126
1045640 (base 7) to base 16
1f90a
Convert 10111010011010001010001 (base 2) to base 6.
334530521
-22223103 (base 4) to base 14
-11d19
-10100100000100100 (base 2) to base 7
-466624
What is -40863 (base 10) in base 5?
-2301423
Convert 17772c (base 14) to base 2.
11001001111111011100
Convert -4d0d58 (base 14) to base 9.
-4883614
Convert -15455052 (base 7) to base 3.
-2210211200220
-2100212100 (base 3) to base 11
-31a85
Convert -3033322302 (base 4) to base 14.
-182510
What is -250812 (base 9) in base 6?
-3125402
Convert 32684 (base 9) to base 14.
7ca3
Convert -eb42a8 (base 15) to base 13.
-2422b53
Convert -1568484 (base 9) to base 12.
-360964
Convert -43594 (base 15) to base 10.
-213889
Convert -2121000000 (base 4) to base 16.
-99000
2739189 (base 10) to base 5
1200123224
What is -2779a9 (base 11) in base 6?
-13154230
What is 10011000212012 (base 3) in base 5?
412024211
Convert -9471 (base 12) to base 11.
-111aa
543ca9 (base 13) to base 6
110232111
What is 256ec (base 16) in base 15?
30669
What is 59635 (base 11) in base 9?
140807
221105 (base 7) to base 10
38813
What is 101502034 (base 6) in base 11?
aa6587
332132023 (base 4) to base 15
50c3d
What is -c350d (base 14) in base 10?
-470217
What is 1332200320 (base 4) in base 6?
15035024
What is 2432130 (base 6) in base 14?
34d14
Convert 556e3 (base 15) to base 2.
1000010010011001011
What is 1506614 (base 8) in base 16?
68d8c
11101111100011100111 (base 2) to base 14
1b7835
-69a02 (base 11) to base 3
-12010121010
Convert 2434410 (base 5) to base 15.
da70
38120a2 (base 11) to base 4
121100111122
Convert 134cd2 (base 16) to base 13.
353942
6502771 (base 8) to base 14
333677
What is 2042431024 (base 5) in base 4?
100101021002
2b06399 (base 12) to base 10
8720037
-7d689 (base 15) to base 9
-668283
What is 30413122 (base 8) in base 2?
11000100001011001010010
13524563 (base 7) to base 14
24da33
What is -652004 (base 8) in base 10?
-218116
Convert 58a648 (base 12) to base 10.
1428248
-523240420 (base 6) to base 7
-140336313
What is 11011000011011001010 (base 2) in base 15?
1279d4
-244d89 (base 15) to base 7
-20525325
Convert 3845ab (base 14) to base 5.
443323112
-1113322302 (base 4) to base 8
-1277262
Convert 173402 (base 8) to base 7.
352233
What is 67385 (base 10) in base 6?
1235545
-542552 (base 8) to base 3
-100020010022
Convert 285c47 (base 13) to base 2.
11110000010001010010
3530325 (base 6) to base 11
115428
Convert -64234453 (base 8) to base 11.
-7815855
Convert 1041745 (base 11) to base 3.
10110002111220
Convert 10100110001011110 (base 2) to base 12.
412a6
What is -112723 (base 11) in base 15?
-38186
What is -21231220 (base 4) in base 3?
-2000120111
Convert 103001111 (base 4) to base 10.
77909
20322113 (base 4) to base 3
1212001222
46913 (base 14) to base 12
83599
20a42 (base 15) to base 7
610634
What is 230771 (base 8) in base 10?
78329
24403244 (base 5) to base 10
231699
102333032321 (base 4) to base 14
937dc5
What is 407454 (base 10) in base 5?
101014304
What is -31740b6 (base 12) in base 4?
-203230322022
What is -21111222002 (base 3) in base 7?
-1154243
-2421213 (base 7) to base 14
-80243
Convert -5108742 (base 9) to base 3.
-12010022211102
What is -6ec6 (base 16) in base 7?
-145451
308b4 (base 14) to base 7
665014
Convert -124032240 (base 5) to base 16.
-954f2
-146372 (base 9) to base 8
-257567
What is -1be726 (base 16) in base 13?
-4c0451
Convert -131242133 (base 5) to base 12.
-273b70
What is -15325 (base 6) in base 11?
-1974
Convert -7078863 (base 10) to base 11.
-3aa5500
Convert 3546321 (base 8) to base 9.
1737447
-1122b (base 14) to base 3
-2010001102
What is 240253 (base 9) in base 15?
2cc6c
What is 2a841 (base 16) in base 6?
3422121
5b508 (base 13) to base 15
34ad5
What is 309017 (base 14) in base 16?
18ff2d
Convert -1034298 (base 10) to base 8.
-3744072
What is -48b22 (base 15) in base 8?
-705107
-124133033 (base 5) to base 9
-1136265
What is -46205252 (base 7) in base 3?
-21121000201002
What is -1361842 (base 9) in base 6?
-24021145
Convert -446641 (base 7) to base 6.
-1410421
11002203021 (base 4) to base 2
101000010100011001001
-1112110012212 (base 3) to base 13
-2274b3
What is 54ab (base 16) in base 11?
15315
Convert 431302443 (base 5) to base 2.
110111100111000101000
-1100101101010011 (base 2) to base 4
-30231103
Convert 14031401 (base 5) to base 9.
236704
What is -270324 (base 11) in base 8?
-1476022
10234520 (base 6) to base 11
1957a0
Convert 48807 (base 10) to base 7.
262203
What is 108a667 (base 12) in base 16?
305f2f
39787 (base 13) to base 12
5193a
What is 100100110000010 (base 2) in base 13?
8747
What is -3362a0 (base 11) in base 3?
-1000012110011
Convert -32202102 (base 6) to base 5.
-220333032
-20200021212211 (base 3) to base 13
-97331b
What is -110000100110110011 (base 2) in base 5?
-22332331
What is 202102331231 (base 4) in base 10?
8990573
Convert -120110030 (base 4) to base 13.
-36443
-1163360 (base 14) to base 12
-29471a0
Convert -4666235 (base 9) to base 5.
-1121231432
What is -142110041 (base 5) in base 4?
-2310031202
Convert 301232111 (base 4) to base 11.
12a024
-201201012211111 (base 3) to base 8
-47754130
10172243 (base 10) to base 4
212303131103
Convert -23010422 (base 5) to base 6.
-4211450
5175a4 (base 13) to base 11
10895a1
What is 22a4 (base 12) in base 14?
15a4
Convert -1011011011110010111 (base 2) to base 9.
-630860
What is 3ea5 (base 15) in base 12?
7932
What is 9c903 (base 15) in base 8?
1714751
Convert -20331133 (base 4) to base 10.
-36703
What is -50c691 (base 15) in base 10?
-3838861
Convert 1210441441 (base 5) to base 6.
140335230
What is 5261405 (base 8) in base 16?
156305
What is -2911671 (base 10) in base 11?
-1709644
-444433023 (base 5) to base 6
-105502131
What is 201022210021 (base 3) in base 14?
9c8a3
Convert -4279006 (base 11) to base 14.
-ddb7a2
What is 10096097 (base 10) in base 15?
d46682
-11351412 (base 6) to base 9
-603348
39839 (base 14) to base 3
21012012002
What is -774743 (base 13) in base 4?
-22231302230
Convert 359340 (base 11) to base 4.
2022312220
Convert -288442 (base 10) to base 14.
-77190
Convert -332a8 (base 15) to base 6.
-3252452
Convert -100031 (base 6) to base 14.
-2bab
Convert -1632333 (base 7) to base 15.
-471d6
Convert -6647a (base 13) to base 9.
-312186
11101110011011110110 (base 2) to base 3
1211121200111
What is -1626774 (base 9) in base 4?
-3130222321
Convert 2221200012 (base 3) to base 13.
2058b
110100002220021 (base 3) to base 5
3134302202
Convert 36312100 (base 7) to base 11.
1906897
What is 11100111001110110001 (base 2) in base 8?
3471661
-2116811 (base 9) to base 13
-308c32
What is -6234 (base 11) in base 14?
-3025
1011020102221 (base 4) to base 11
a258282
Convert 193897 (base 11) to base 3.
120010121212
Convert -94440 (base 16) to base 11.
-3852a8
Convert -215372 (base 8) to base 10.
-72442
Convert -234312421 (base 6) to base 4.
-100310313331
Convert 1969ba3 (base 13) to base 5.
4120032302
C